{"id":29680,"date":"2024-04-19T14:40:56","date_gmt":"2024-04-19T12:40:56","guid":{"rendered":"https:\/\/victoretsalome.com\/?page_id=29680"},"modified":"2024-05-12T21:15:33","modified_gmt":"2024-05-12T19:15:33","slug":"nos-valeurs","status":"publish","type":"page","link":"https:\/\/victoretsalome.com\/en\/nos-valeurs\/","title":{"rendered":"Our values"},"content":{"rendered":"<p>[et_pb_section fb_built=\u00a0\u00bb1&Prime; fullwidth=\u00a0\u00bbon\u00a0\u00bb next_background_color=\u00a0\u00bb#ffffff\u00a0\u00bb _builder_version=\u00a0\u00bb4.24.3&Prime; background_enable_color=\u00a0\u00bboff\u00a0\u00bb background_image=\u00a0\u00bbhttps:\/\/victoretsalome.com\/wp-content\/uploads\/2024\/04\/enfants-copines_pas-sure-scaled.jpg\u00a0\u00bb bottom_divider_style=\u00a0\u00bbslant\u00a0\u00bb bottom_divider_flip=\u00a0\u00bbhorizontal\u00a0\u00bb animation_style=\u00a0\u00bbslide\u00a0\u00bb animation_direction=\u00a0\u00bbtop\u00a0\u00bb animation_intensity_slide=\u00a0\u00bb2%\u00a0\u00bb saved_tabs=\u00a0\u00bball\u00a0\u00bb global_colors_info=\u00a0\u00bb{}\u00a0\u00bb][et_pb_fullwidth_header title=\u00a0\u00bbNos valeurs\u00a0\u00bb text_orientation=\u00a0\u00bbcenter\u00a0\u00bb background_overlay_color=\u00a0\u00bbRGBA(26,49,96,0.79)\u00a0\u00bb _builder_version=\u00a0\u00bb4.25.0&Prime; title_font=\u00a0\u00bbBodoni Moda||on||||||\u00a0\u00bb title_font_size=\u00a0\u00bb71px\u00a0\u00bb title_line_height=\u00a0\u00bb1.5em\u00a0\u00bb content_font=\u00a0\u00bbLato||||||||\u00a0\u00bb content_line_height=\u00a0\u00bb1.8em\u00a0\u00bb subhead_font=\u00a0\u00bbLato|700|||||||\u00a0\u00bb subhead_font_size=\u00a0\u00bb25px\u00a0\u00bb subhead_line_height=\u00a0\u00bb1.5em\u00a0\u00bb background_enable_color=\u00a0\u00bboff\u00a0\u00bb background_enable_image=\u00a0\u00bboff\u00a0\u00bb custom_margin=\u00a0\u00bb|||\u00a0\u00bb custom_padding=\u00a0\u00bb4vw||127px||false|\u00a0\u00bb title_font_size_tablet=\u00a0\u00bb36px\u00a0\u00bb title_font_size_phone=\u00a0\u00bb49px\u00a0\u00bb title_font_size_last_edited=\u00a0\u00bbon|phone\u00a0\u00bb global_colors_info=\u00a0\u00bb{}\u00a0\u00bb button_one_text_size__hover_enabled=\u00a0\u00bboff\u00a0\u00bb button_two_text_size__hover_enabled=\u00a0\u00bboff\u00a0\u00bb button_one_text_color__hover_enabled=\u00a0\u00bboff\u00a0\u00bb button_two_text_color__hover_enabled=\u00a0\u00bboff\u00a0\u00bb button_one_border_width__hover_enabled=\u00a0\u00bboff\u00a0\u00bb button_two_border_width__hover_enabled=\u00a0\u00bboff\u00a0\u00bb button_one_border_color__hover_enabled=\u00a0\u00bboff\u00a0\u00bb button_two_border_color__hover_enabled=\u00a0\u00bboff\u00a0\u00bb button_one_border_radius__hover_enabled=\u00a0\u00bboff\u00a0\u00bb button_two_border_radius__hover_enabled=\u00a0\u00bboff\u00a0\u00bb button_one_letter_spacing__hover_enabled=\u00a0\u00bboff\u00a0\u00bb button_two_letter_spacing__hover_enabled=\u00a0\u00bboff\u00a0\u00bb button_one_bg_color__hover_enabled=\u00a0\u00bboff\u00a0\u00bb button_two_bg_color__hover_enabled=\u00a0\u00bboff\u00a0\u00bb][\/et_pb_fullwidth_header][\/et_pb_section][et_pb_section fb_built=\u00a0\u00bb1&Prime; _builder_version=\u00a0\u00bb4.24.3&Prime; _module_preset=\u00a0\u00bbdefault\u00a0\u00bb custom_padding=\u00a0\u00bb1px||0px|||\u00a0\u00bb global_colors_info=\u00a0\u00bb{}\u00a0\u00bb][et_pb_row _builder_version=\u00a0\u00bb4.24.3&Prime; _module_preset=\u00a0\u00bbdefault\u00a0\u00bb custom_margin=\u00a0\u00bb22px|auto||auto||\u00a0\u00bb custom_padding=\u00a0\u00bb10px||0px|||\u00a0\u00bb global_colors_info=\u00a0\u00bb{}\u00a0\u00bb][et_pb_column type=\u00a0\u00bb4_4&Prime; _builder_version=\u00a0\u00bb4.24.3&Prime; _module_preset=\u00a0\u00bbdefault\u00a0\u00bb global_colors_info=\u00a0\u00bb{}\u00a0\u00bb][et_pb_text _builder_version=\u00a0\u00bb4.25.0&Prime; _module_preset=\u00a0\u00bbdefault\u00a0\u00bb custom_margin=\u00a0\u00bb||10px|||\u00a0\u00bb custom_padding=\u00a0\u00bb||0px|||\u00a0\u00bb global_colors_info=\u00a0\u00bb{}\u00a0\u00bb]<\/p>\n<p>La direction et les professeurs de l\u2019\u00e9cole ont des convictions chr\u00e9tiennes, pour la plupart d\u2019inspiration protestante. Sans s\u2019imposer aux enfants, cette foi commune impr\u00e8gne la vie de l\u2019\u00e9cole.<\/p>\n<ul><\/ul>\n<p>[\/et_pb_text][et_pb_text _builder_version=\u00a0\u00bb4.25.0&Prime; _module_preset=\u00a0\u00bbdefault\u00a0\u00bb text_font=\u00a0\u00bb&#8211;et_global_heading_font|300|on||||||\u00a0\u00bb text_text_color=\u00a0\u00bb#0d0b79&Prime; text_font_size=\u00a0\u00bb30px\u00a0\u00bb text_letter_spacing=\u00a0\u00bb1px\u00a0\u00bb text_font_size_tablet=\u00a0\u00bb30px\u00a0\u00bb text_font_size_phone=\u00a0\u00bb25px\u00a0\u00bb text_font_size_last_edited=\u00a0\u00bbon|phone\u00a0\u00bb header_font_size_tablet=\u00a0\u00bb30px\u00a0\u00bb header_font_size_phone=\u00a0\u00bb26px\u00a0\u00bb header_font_size_last_edited=\u00a0\u00bbon|phone\u00a0\u00bb global_colors_info=\u00a0\u00bb{}\u00a0\u00bb]<\/p>\n<p>Comment la foi chr\u00e9tienne s&rsquo;incarne-t-elle dans l&rsquo;\u00e9cole ?<\/p>\n<p>[\/et_pb_text][\/et_pb_column][\/et_pb_row][et_pb_row _builder_version=\u00a0\u00bb4.24.3&Prime; _module_preset=\u00a0\u00bbdefault\u00a0\u00bb custom_margin=\u00a0\u00bb9px|auto||auto||\u00a0\u00bb custom_padding=\u00a0\u00bb0px||3px|||\u00a0\u00bb global_colors_info=\u00a0\u00bb{}\u00a0\u00bb][et_pb_column type=\u00a0\u00bb4_4&Prime; _builder_version=\u00a0\u00bb4.24.3&Prime; _module_preset=\u00a0\u00bbdefault\u00a0\u00bb global_colors_info=\u00a0\u00bb{}\u00a0\u00bb][et_pb_text _builder_version=\u00a0\u00bb4.25.0&Prime; _module_preset=\u00a0\u00bbdefault\u00a0\u00bb custom_margin=\u00a0\u00bb||47px|||\u00a0\u00bb custom_padding=\u00a0\u00bb0px||0px|||\u00a0\u00bb text_font_size_tablet=\u00a0\u00bb\u00a0\u00bb text_font_size_phone=\u00a0\u00bb\u00a0\u00bb text_font_size_last_edited=\u00a0\u00bbon|phone\u00a0\u00bb global_colors_info=\u00a0\u00bb{}\u00a0\u00bb]<\/p>\n<p>Nous pensons qu\u2019il n\u2019y a pas d\u2019enseignant neutre. Chacun enseigne avec tout ce qu\u2019il est, et transmet bien plus que des savoirs acad\u00e9miques.<\/p>\n<p>Plut\u00f4t que de croire \u00e0 une possible neutralit\u00e9, nous pr\u00e9f\u00e9rons nous engager pour une formation qui d\u00e9veloppe une vraie capacit\u00e9 de dialogue, o\u00f9 chacun est libre, mais aussi capable de formuler ce en quoi il croit ou ne croit pas, et pourquoi. Nous cherchons \u00e0 d\u00e9velopper une \u00e9coute capable de supporter des diff\u00e9rences profondes et des oppositions tout en cultivant un climat de confiance.<\/p>\n<p>Concr\u00e8tement, la dimension chr\u00e9tienne de l\u2019\u00e9cole se manifeste par le cours d\u00e9di\u00e9 \u00e0 ces sujets (culture biblique), mais aussi par le v\u00e9cu naturel et spontan\u00e9 de la vie de l\u2019\u00e9cole. Nous f\u00eatons \u00e9galement les dates cl\u00e9s du calendrier que sont No\u00ebl et P\u00e2ques.<\/p>\n<p>L\u2019\u00e9cole est ouverte \u00e0 toute famille, quel que soit son arri\u00e8re-plan culturel et religieux, dans la mesure o\u00f9 elle accepte le cadre propos\u00e9 par l\u2019\u00e9cole. Les parents sont reconnus comme les premiers \u00e9ducateurs de leur enfant. Nous souhaitons construire avec eux une relation de confiance mutuelle et les encourager dans leur r\u00f4le d\u2019\u00e9ducation et de transmission.<\/p>\n<p>&nbsp;<\/p>\n<p><span><strong>L\u2019\u00e9coute<\/strong><\/span><\/p>\n<p><span>L\u2019\u00e9coute sera encourag\u00e9e\u00a0:<\/span><\/p>\n<ul>\n<li><span>L\u2019\u00e9coute de chacun\u00a0: des enfants, des parents, du personnel\u00a0;<\/span><\/li>\n<li><span>Une \u00e9coute attentive pour comprendre ce que chacun pense et croit\u00a0;<\/span><\/li>\n<li><span>Une \u00e9coute capable de supporter des diff\u00e9rences profondes et des oppositions.<\/span><\/li>\n<\/ul>\n<p><span><strong>Le respect <\/strong><\/span><\/p>\n<p><span>Chacun sera respect\u00e9 comme \u00eatre pensant et croyant en chemin. Chacun sera encourag\u00e9 \u00e0 s\u2019exprimer sans y \u00eatre contraint. Cela permettra de grandir dans une confiance en soi et de devenir digne de confiance pour les autres.\u00a0 <\/span><\/p>\n<p><span><strong>L<\/strong><\/span><span><strong>a confiance<\/strong><\/span><\/p>\n<p><span>Nous souhaitons d\u00e9velopper la confiance mutuelle dans toutes les relations au sein de la <u>communaut\u00e9 \u00e9ducative<\/u>, en comprenant que les relations ne se d\u00e9cr\u00e8tent pas mais se construisent. <\/span><\/p>\n<p><span><strong>Le dialogue <\/strong><\/span><\/p>\n<p><span>L\u2019apprentissage ne se fera pas seul<span style=\"text-decoration: line-through;\"> <\/span>car nous avons besoin des autres pour apprendre et comprendre. Il se fera en dialogue avec\u00a0:<\/span><\/p>\n<ul>\n<li><span>Des savoirs construits et reconnus par d\u2019autres <\/span><\/li>\n<li><span>Des personnes qui ont des r\u00e9flexions diff\u00e9rentes sur un m\u00eame sujet.<\/span><\/li>\n<\/ul>\n<p><span><strong>La r\u00e9flexion<\/strong><\/span><\/p>\n<p><span>Nous encourageons la r\u00e9flexion afin qu\u2019elle ouvre un chemin cr\u00e9atif sur les probl\u00e9matiques qui nous importent\u00a0: question environnementale, construction du vivre ensemble (en France et \u00e0 l\u2019international), soin des autres comme de soi-m\u00eame\u2026<\/span><\/p>\n<p><span><strong>La cr\u00e9ativit\u00e9 <\/strong><\/span><\/p>\n<p><span>Nous voulons cultiver la cr\u00e9ativit\u00e9 de chaque enfant, quel que soit le domaine dans lequel elle s\u2019exprime. Notre monde est plus riche et vivant, lorsque la beaut\u00e9 et l\u2019innovation jaillissent de l\u2019int\u00e9rieur. <\/span><\/p>\n<p><span><strong>L\u2019enfant comme une personne <\/strong><\/span><\/p>\n<p><span>Chaque enfant sera accueilli et respect\u00e9 comme une personne\u00a0: <\/span><\/p>\n<ul>\n<li><span>Dont la valeur d\u00e9pend de sa dignit\u00e9 en tant qu\u2019\u00eatre humain et non de sa r\u00e9ussite <\/span><\/li>\n<li><span>Une personne qui a un corps, une \u00e2me et un esprit\u00a0: ces trois dimensions ont besoin d\u2019\u00eatre nourries pour bien grandir. <\/span><\/li>\n<\/ul>\n<p><span><strong>La transmission <\/strong><\/span><\/p>\n<p><span>Nous voulons encourager les parents dans leur r\u00f4le d\u2019\u00e9ducation et de transmission aupr\u00e8s de leur enfant. <\/span><\/p>\n<p><span><strong>La coh\u00e9rence entre pens\u00e9e, paroles et actes<\/strong><\/span><\/p>\n<p><span>Nous encouragerons les engagements concrets afin que les paroles trouvent leur force. <\/span><\/p>\n<p><span><strong>\u00a0<\/strong><\/span><\/p>\n<p><span><strong>Les mises en \u0153uvre de ces valeurs<\/strong><\/span><span> s\u2019approfondiront, se nuanceront, s\u2019inventeront au cours du temps et gr\u00e2ce aux liens avec les parents et les enfants.<\/span><\/p>\n<ul><\/ul>\n<p>[\/et_pb_text][\/et_pb_column][\/et_pb_row][et_pb_row _builder_version=\u00a0\u00bb4.24.3&Prime; _module_preset=\u00a0\u00bbdefault\u00a0\u00bb custom_padding=\u00a0\u00bb1px||69px|||\u00a0\u00bb global_colors_info=\u00a0\u00bb{}\u00a0\u00bb][et_pb_column type=\u00a0\u00bb4_4&Prime; _builder_version=\u00a0\u00bb4.24.3&Prime; _module_preset=\u00a0\u00bbdefault\u00a0\u00bb global_colors_info=\u00a0\u00bb{}\u00a0\u00bb][et_pb_image src=\u00a0\u00bbhttps:\/\/victoretsalome.com\/wp-content\/uploads\/2024\/04\/Enfants-4.jpg\u00a0\u00bb align=\u00a0\u00bbcenter\u00a0\u00bb _builder_version=\u00a0\u00bb4.25.0&Prime; _module_preset=\u00a0\u00bbdefault\u00a0\u00bb global_colors_info=\u00a0\u00bb{}\u00a0\u00bb][\/et_pb_image][\/et_pb_column][\/et_pb_row][\/et_pb_section]<\/p>\n","protected":false},"excerpt":{"rendered":"<p>La direction et les professeurs de l\u2019\u00e9cole ont des convictions chr\u00e9tiennes, pour la plupart d\u2019inspiration protestante. Sans s\u2019imposer aux enfants, cette foi commune impr\u00e8gne la vie de l\u2019\u00e9cole. Comment la foi chr\u00e9tienne s&rsquo;incarne-t-elle dans l&rsquo;\u00e9cole ?Nous pensons qu\u2019il n\u2019y a pas d\u2019enseignant neutre. Chacun enseigne avec tout ce qu\u2019il est, et transmet bien plus que [&hellip;]<\/p>\n","protected":false},"author":1,"featured_media":0,"parent":0,"menu_order":0,"comment_status":"closed","ping_status":"closed","template":"","meta":{"_et_pb_use_builder":"on","_et_pb_old_content":"","_et_gb_content_width":"","footnotes":""},"class_list":["post-29680","page","type-page","status-publish","hentry"],"_links":{"self":[{"href":"https:\/\/victoretsalome.com\/en\/wp-json\/wp\/v2\/pages\/29680","targetHints":{"allow":["GET"]}}],"collection":[{"href":"https:\/\/victoretsalome.com\/en\/wp-json\/wp\/v2\/pages"}],"about":[{"href":"https:\/\/victoretsalome.com\/en\/wp-json\/wp\/v2\/types\/page"}],"author":[{"embeddable":true,"href":"https:\/\/victoretsalome.com\/en\/wp-json\/wp\/v2\/users\/1"}],"replies":[{"embeddable":true,"href":"https:\/\/victoretsalome.com\/en\/wp-json\/wp\/v2\/comments?post=29680"}],"version-history":[{"count":38,"href":"https:\/\/victoretsalome.com\/en\/wp-json\/wp\/v2\/pages\/29680\/revisions"}],"predecessor-version":[{"id":30297,"href":"https:\/\/victoretsalome.com\/en\/wp-json\/wp\/v2\/pages\/29680\/revisions\/30297"}],"wp:attachment":[{"href":"https:\/\/victoretsalome.com\/en\/wp-json\/wp\/v2\/media?parent=29680"}],"curies":[{"name":"wp","href":"https:\/\/api.w.org\/{rel}","templated":true}]}}

<p>[et_pb_section fb_built= »1&Prime; fullwidth= »on » next_background_color= »#ffffff » _builder_version= »4.24.3&Prime; background_enable_color= »off » background_image= »https://victoretsalome.com/wp-content/uploads/2024/04/enfants-copines_pas-sure-scaled.jpg » bottom_divider_style= »slant » bottom_divider_flip= »horizontal » animation_style= »slide » animation_direction= »top » animation_intensity_slide= »2% » saved_tabs= »all » global_colors_info= »{} »][et_pb_fullwidth_header title= »Nos valeurs » text_orientation= »center » background_overlay_color= »RGBA(26,49,96,0.79) » _builder_version= »4.25.0&Prime; title_font= »Bodoni Moda||on|||||| » title_font_size= »71px » title_line_height= »1.5em » content_font= »Lato|||||||| » content_line_height= »1.8em » subhead_font= »Lato|700||||||| » subhead_font_size= »25px » subhead_line_height= »1.5em » background_enable_color= »off » background_enable_image= »off » custom_margin= »||| » custom_padding= »4vw||127px||false| » title_font_size_tablet= »36px » title_font_size_phone= »49px » title_font_size_last_edited= »on|phone » global_colors_info= »{} » button_one_text_size__hover_enabled= »off » button_two_text_size__hover_enabled= »off » button_one_text_color__hover_enabled= »off » button_two_text_color__hover_enabled= »off » button_one_border_width__hover_enabled= »off » button_two_border_width__hover_enabled= »off » button_one_border_color__hover_enabled= »off » button_two_border_color__hover_enabled= »off » button_one_border_radius__hover_enabled= »off » button_two_border_radius__hover_enabled= »off » button_one_letter_spacing__hover_enabled= »off » button_two_letter_spacing__hover_enabled= »off » button_one_bg_color__hover_enabled= »off » button_two_bg_color__hover_enabled= »off »][/et_pb_fullwidth_header][/et_pb_section][et_pb_section fb_built= »1&Prime; _builder_version= »4.24.3&Prime; _module_preset= »default » custom_padding= »1px||0px||| » global_colors_info= »{} »][et_pb_row _builder_version= »4.24.3&Prime; _module_preset= »default » custom_margin= »22px|auto||auto|| » custom_padding= »10px||0px||| » global_colors_info= »{} »][et_pb_column type= »4_4&Prime; _builder_version= »4.24.3&Prime; _module_preset= »default » global_colors_info= »{} »][et_pb_text _builder_version= »4.25.0&Prime; _module_preset= »default » custom_margin= »||10px||| » custom_padding= »||0px||| » global_colors_info= »{} »]</p>
<p>La direction et les professeurs de l’école ont des convictions chrétiennes, pour la plupart d’inspiration protestante. Sans s’imposer aux enfants, cette foi commune imprègne la vie de l’école.</p>
<ul></ul>
<p>[/et_pb_text][et_pb_text _builder_version= »4.25.0&Prime; _module_preset= »default » text_font= »&#8211;et_global_heading_font|300|on|||||| » text_text_color= »#0d0b79&Prime; text_font_size= »30px » text_letter_spacing= »1px » text_font_size_tablet= »30px » text_font_size_phone= »25px » text_font_size_last_edited= »on|phone » header_font_size_tablet= »30px » header_font_size_phone= »26px » header_font_size_last_edited= »on|phone » global_colors_info= »{} »]</p>
<p>Comment la foi chrétienne s&rsquo;incarne-t-elle dans l&rsquo;école ?</p>
<p>[/et_pb_text][/et_pb_column][/et_pb_row][et_pb_row _builder_version= »4.24.3&Prime; _module_preset= »default » custom_margin= »9px|auto||auto|| » custom_padding= »0px||3px||| » global_colors_info= »{} »][et_pb_column type= »4_4&Prime; _builder_version= »4.24.3&Prime; _module_preset= »default » global_colors_info= »{} »][et_pb_text _builder_version= »4.25.0&Prime; _module_preset= »default » custom_margin= »||47px||| » custom_padding= »0px||0px||| » text_font_size_tablet= » » text_font_size_phone= » » text_font_size_last_edited= »on|phone » global_colors_info= »{} »]</p>
<p>Nous pensons qu’il n’y a pas d’enseignant neutre. Chacun enseigne avec tout ce qu’il est, et transmet bien plus que des savoirs académiques.</p>
<p>Plutôt que de croire à une possible neutralité, nous préférons nous engager pour une formation qui développe une vraie capacité de dialogue, où chacun est libre, mais aussi capable de formuler ce en quoi il croit ou ne croit pas, et pourquoi. Nous cherchons à développer une écoute capable de supporter des différences profondes et des oppositions tout en cultivant un climat de confiance.</p>
<p>Concrètement, la dimension chrétienne de l’école se manifeste par le cours dédié à ces sujets (culture biblique), mais aussi par le vécu naturel et spontané de la vie de l’école. Nous fêtons également les dates clés du calendrier que sont Noël et Pâques.</p>
<p>L’école est ouverte à toute famille, quel que soit son arrière-plan culturel et religieux, dans la mesure où elle accepte le cadre proposé par l’école. Les parents sont reconnus comme les premiers éducateurs de leur enfant. Nous souhaitons construire avec eux une relation de confiance mutuelle et les encourager dans leur rôle d’éducation et de transmission.</p>
<p>&nbsp;</p>
<p><span><strong>L’écoute</strong></span></p>
<p><span>L’écoute sera encouragée :</span></p>
<ul>
<li><span>L’écoute de chacun : des enfants, des parents, du personnel ;</span></li>
<li><span>Une écoute attentive pour comprendre ce que chacun pense et croit ;</span></li>
<li><span>Une écoute capable de supporter des différences profondes et des oppositions.</span></li>
</ul>
<p><span><strong>Le respect </strong></span></p>
<p><span>Chacun sera respecté comme être pensant et croyant en chemin. Chacun sera encouragé à s’exprimer sans y être contraint. Cela permettra de grandir dans une confiance en soi et de devenir digne de confiance pour les autres.  </span></p>
<p><span><strong>L</strong></span><span><strong>a confiance</strong></span></p>
<p><span>Nous souhaitons développer la confiance mutuelle dans toutes les relations au sein de la <u>communauté éducative</u>, en comprenant que les relations ne se décrètent pas mais se construisent. </span></p>
<p><span><strong>Le dialogue </strong></span></p>
<p><span>L’apprentissage ne se fera pas seul<span style="text-decoration: line-through;"> </span>car nous avons besoin des autres pour apprendre et comprendre. Il se fera en dialogue avec :</span></p>
<ul>
<li><span>Des savoirs construits et reconnus par d’autres </span></li>
<li><span>Des personnes qui ont des réflexions différentes sur un même sujet.</span></li>
</ul>
<p><span><strong>La réflexion</strong></span></p>
<p><span>Nous encourageons la réflexion afin qu’elle ouvre un chemin créatif sur les problématiques qui nous importent : question environnementale, construction du vivre ensemble (en France et à l’international), soin des autres comme de soi-même…</span></p>
<p><span><strong>La créativité </strong></span></p>
<p><span>Nous voulons cultiver la créativité de chaque enfant, quel que soit le domaine dans lequel elle s’exprime. Notre monde est plus riche et vivant, lorsque la beauté et l’innovation jaillissent de l’intérieur. </span></p>
<p><span><strong>L’enfant comme une personne </strong></span></p>
<p><span>Chaque enfant sera accueilli et respecté comme une personne : </span></p>
<ul>
<li><span>Dont la valeur dépend de sa dignité en tant qu’être humain et non de sa réussite </span></li>
<li><span>Une personne qui a un corps, une âme et un esprit : ces trois dimensions ont besoin d’être nourries pour bien grandir. </span></li>
</ul>
<p><span><strong>La transmission </strong></span></p>
<p><span>Nous voulons encourager les parents dans leur rôle d’éducation et de transmission auprès de leur enfant. </span></p>
<p><span><strong>La cohérence entre pensée, paroles et actes</strong></span></p>
<p><span>Nous encouragerons les engagements concrets afin que les paroles trouvent leur force. </span></p>
<p><span><strong> </strong></span></p>
<p><span><strong>Les mises en œuvre de ces valeurs</strong></span><span> s’approfondiront, se nuanceront, s’inventeront au cours du temps et grâce aux liens avec les parents et les enfants.</span></p>
<ul></ul>
<p>[/et_pb_text][/et_pb_column][/et_pb_row][et_pb_row _builder_version= »4.24.3&Prime; _module_preset= »default » custom_padding= »1px||69px||| » global_colors_info= »{} »][et_pb_column type= »4_4&Prime; _builder_version= »4.24.3&Prime; _module_preset= »default » global_colors_info= »{} »][et_pb_image src= »https://victoretsalome.com/wp-content/uploads/2024/04/Enfants-4.jpg » align= »center » _builder_version= »4.25.0&Prime; _module_preset= »default » global_colors_info= »{} »][/et_pb_image][/et_pb_column][/et_pb_row][/et_pb_section]</p>

<p>La direction et les professeurs de l’école ont des convictions chrétiennes, pour la plupart d’inspiration protestante. Sans s’imposer aux enfants, cette foi commune imprègne la vie de l’école. Comment la foi chrétienne s&rsquo;incarne-t-elle dans l&rsquo;école ?Nous pensons qu’il n’y a pas d’enseignant neutre. Chacun enseigne avec tout ce qu’il est, et transmet bien plus que [&hellip;]</p>
